 -1659*q - 11408. What is f(-7)?
205
Let n(t) = t**2 - 17474*t - 2981659. Calculate n(-169).
8
Let w(o) = o**2 + 963*o + 42220. What is w(-46)?
38
Let i(l) = -6110*l - 2376800. Determine i(-389).
-10
Let h(a) = 18625*a - 1378179. Give h(74).
71
Let c(l) = -881*l + 259898. Calculate c(295).
3
Let q(j) = -j**2 + 2920*j + 61753. Give q(-21).
-8
Let h(n) = 7*n**2 - 4086*n - 67160. Determine h(-16).
8
Let k(c) = -2*c**2 - 91. Determine k(5).
-141
Let h(c) = -c**3 + 757*c**2 - 3071*c + 609994. Calculate h(754).
8
Let g(t) = -t**2 + 107*t + 2062. Calculate g(-15).
232
Let k(r) = 4898*r - 38745. What is k(8)?
439
Let n(j) = 4459*j + 21398. Give n(-5).
-897
Let j(a) = -a**3 + 174*a**2 - 3846*a - 64. What is j(26)?
-12
Let k(m) = -916*m + 11019. Determine k(12).
27
Let p(n) = n**3 - 282*n**2 - 514*n - 16005. Determine p(284).
-669
Let k(w) = -w**3 + 139*w**2 - 3950*w + 4993. What is k(100)?
-7
Let s(u) = -3*u**2 - 1758*u - 3514. What is s(-2)?
-10
Let k(y) = -1763547*y + 22926115. Give k(13).
4
Let q(r) = 112*r**2 - 377*r - 1129. Give q(-3).
1010
Let y(x) = -3*x**2 + 7678*x + 45894. Calculate y(-6).
-282
Let z(o) = o**3 + 85*o**2 - 1531*o - 145836. Calculate z(-82).
-122
Let p(d) = 3*d**3 - 50*d**2 + 56*d - 550. Give p(16).
-166
Let t(m) = m**3 + 8*m**2 - 999*m - 166. Give t(28).
86
Let p(i) = i**3 - 6205*i**2 + 24803*i - 7. Give p(4).
-11
Let x(z) = z**3 - 260*z**2 - 2039*z - 28163. Give x(268).
-23
Let z(p) = -p**2 - 357*p - 13497. Give z(-43).
5
Let j(g) = -3*g**3 - 197*g**2 - 1349*g + 69. What is j(-8)?
-211
Let o(d) = -25*d**2 + 1313*d - 10561. Calculate o(8).
-1657
Let n(l) = -13*l**3 - 90*l**2 + 17*l + 85. Calculate n(-7).
15
Let m(o) = -53*o**2 + 372*o + 77. Determine m(7).
84
Let y(r) = -6*r**2 + 50*r + 65. What is y(4)?
169
Let c(b) = -2*b**2 - 26*b + 1046. Calculate c(-35).
-494
Let p(m) = 2*m**3 - 40*m**2 + 98*m - 88. Give p(11).
-1188
Let c(p) = -12052*p + 2856329. What is c(237)?
5
Let a(z) = 2622*z - 123291. Give a(47).
-57
Let g(n) = n**2 + 1696*n + 40159. What is g(-24)?
31
Let p(h) = 11*h**2 + 11*h - 86. Determine p(5).
244
Let n(k) = k**3 + 45*k**2 + 595*k + 26782. Give n(-45).
7
Let w(j) = -2*j**3 - 50*j**2 - 78*j + 73. Calculate w(-23).
-249
Let j(r) = 474*r - 5768. Give j(13).
394
Let c(y) = y**3 - 38*y**2 + 111*y + 207. What is c(33)?
-1575
Let p(z) = -z**3 + 41*z**2 - 406*z + 1143. Determine p(30).
-1137
Let m(y) = -100608*y - 8451088. Calculate m(-84).
-16
Let f(c) = 2*c**2 - 42*c + 196. Calculate f(9).
-20
Let r(j) = -21079*j - 105399. Give r(-5).
-4
Let t(r) = -7838*r + 63513. Determine t(8).
809
Let o(f) = -27714*f - 304685. Determine o(-11).
169
Let j(m) = -2*m**3 + 524*m**2 - 4*m - 2001. Calculate j(262).
-3049
Let n(k) = -k**2 + 613*k - 6537. Determine n(11).
85
Let s(u) = -2*u**2 + 808*u + 40387. Give s(-45).
-23
Let s(d) = 222*d**2 + 482844*d - 13061. Give s(-2175).
-11
Let i(j) = -11278*j - 428575. Determine i(-38).
-11
Let p(r) = 33*r - 3270. Give p(121).
723
Let k(c) = 127*c + 1407. Determine k(-11).
10
Let s(q) = 222181*q - 18885407. Determine s(85).
-22
Let x(k) = -1168*k**3 - 8*k**2 + 13*k - 2. What is x(1)?
-1165
Let p(l) = 133*l + 6058. What is p(-46)?
-60
Let j(a) = 5880*a + 693831. Determine j(-118).
-9
Let a(b) = 22215*b + 199980. Calculate a(-9).
45
Let r(s) = -6857*s - 562342. Calculate r(-82).
-68
Let c(l) = 810*l - 324565. Determine c(402).
1055
Let s(z) = 38386*z - 6487233. Calculate s(169).
1
Let r(q) = 172*q**2 - 3*q - 8. What is r(-2)?
686
Let p(w) = -2*w**3 + 49*w**2 - 594*w + 7244. Give p(19).
-71
Let j(x) = -4310*x + 2784263. What is j(646)?
3
Let u(q) = -80*q**2 - 4*q - 152. What is u(0)?
-152
Let x(h) = -23*h**3 + 507*h**2 - 71*h + 418. Determine x(22).
-660
Let z(i) = -2*i**2 - 1244*i + 12665. Give z(10).
25
Let v(x) = -2*x**2 - 371*x - 218. Give v(-185).
-33
Let j(t) = -11*t**3 - 62*t**2 - 3925*t - 19445. Calculate j(-5).
5
Let a(w) = -w**2 - 22192*w - 1217538. Calculate a(-55).
-3
Let v(f) = 2*f**2 + 11624*f - 69659. Calculate v(6).
157
Let f(u) = -566729*u - 3400387. Give f(-6).
-13
Let p(c) = -c**3 - 141*c**2 - 4114*c - 460. What is p(-41)?
114
Let t(k) = -7*k**2 + 249*k + 360. Calculate t(37).
-10
Let v(r) = -r**2 + 12272*r - 85889. Give v(7).
-34
Let y(n) = 2*n**2 + 6154*n + 18464. What is y(-3)?
20
Let k(u) = -u**2 + 2916*u - 40623. Calculate k(14).
5
Let y(h) = 8*h**2 + 1056*h + 2047. What is y(-130)?
-33
Let n(o) = -o**2 - 33785*o - 12231358. What is n(-366)?
-4
Let m(d) = -11915*d + 8590712. Determine m(721).
-3
Let u(i) = -i**3 + 128*i**2 - 499*i + 360. Determine u(124).
-12
Let a(x) = -20*x**3 + 487*x - 2000. Determine a(4).
-1332
Let t(j) = -j**3 + 542*j**2 - 4174*j - 52314. What is t(534)?
18
Let p(d) = 40*d**2 + 1756*d - 14491. What is p(-51)?
-7
Let s(d) = -10*d**3 - 104*d**2 + 639*d - 58. Calculate s(6).
-2128
Let j(g) = 35676*g - 107045. What is j(3)?
-17
Let o(h) = -h**3 - 23*h**2 - 33*h - 1192. Give o(-23).
-433
Let u(x) = x**2 + 1729*x - 8696. What is u(5)?
-26
Let x(h) = 924*h + 25686. What is x(-28)?
-186
Let i(r) = 219554*r + 63011996. Give i(-287).
-2
Let m(n) = -4348*n**3 + 7*n**2 + 4*n - 4. Determine m(-1).
4347
Let a(k) = 62*k**2 - 220*k + 89. Calculate a(1).
-69
Let t(u) = u**2 - 2031*u + 91250. Determine t(46).
-60
Let k(j) = -j**3 + 34*j**2 + 84*j - 218. Calculate k(37).
-1217
Let l(u) = 222948*u + 1114749. Give l(-5).
9
Let o(m) = 14*m**2 + 30*m - 1645. What is o(-12)?
11
Let w(j) = -j**3 + 6*j**2 + 413*j + 2324. Determine w(-7).
70
Let g(j) = 6832*j - 1277560. Give g(187).
24
Let t(h) = 88*h**3 + 157*h**2 + 2*h - 3. What is t(3)?
3792
Let a(u) = 3582*u - 117522. Calculate a(33).
684
Let v(b) = b**2 - 4402*b - 57390. Calculate v(-13).
5
Let i(a) = 11*a**3 - 95*a**2 + 36*a. Calculate i(8).
-160
Let i(g) = -7*g**2 - 1278*g + 8493. Give i(-189).
-12
Let o(j) = 3*j**3 - 209*j**2 + 1199*j - 105299. Determine o(71).
-6
Let z(a) = 6*a**2 - 8847*a - 35410. Give z(-4).
74
Let x(v) = -v**3 - 88*v**2 - 1276*v + 670. Calculate x(-19).
5
Let i(b) = -b**3 + 1865*b**2 - 67628*b - 278. What is i(37)?
18
Let j(g) = -213*g - 6382. What is j(-30)?
8
Let k(n) = -87*n - 894. What is k(-10)?
-24
Let o(y) = -2585*y - 36019. What is o(-14)?
171
Let j(a) = -8*a**2 + 1104*a + 2391. What is j(140)?
151
Let k(l) = -5049*l - 1302657. Give k(-258).
-15
Let r(q) = -49*q**2 + 125*q + 657. Determine r(-5).
-1193
Let a(x) = 6*x**3 - 19*x**2 - 115*x + 354. Determine a(3).
0
Let q(h) = -h**2 - 152*h - 244. Calculate q(-150).
56
Let a(h) = -h**3 - 22*h**2 - 142*h + 119. Determine a(-15).
674
Let n(z) = -z**3 + 16*z**2 - 1031*z + 14022. Determine n(14).
-20
Let k(m) = 210*m**3 - 2*m**2 + 36*m - 34. Calculate k(1).
210
Let j(w) = -28*w**2 - 4*w - 7. Calculate j(1).
-39
Let c(f) = -f**3 - 11*f**2 - 103*f - 672. Determine c(-14).
1358
Let k(a) = -123*a - 992. Give k(-9).
115
Let m(y) = 56773*y + 1703181. Determine m(-30).
-9
Let f(a) = -5*a**3 + 116*a**2 + 89*a - 954. Calculate f(24).
-1122
Let m(f) = -10231*f - 143112. Determine m(-14).
122
Let x(n) = -1164*n - 57713. Determine x(-50).
487
Let o(r) = 1800*r - 30591. Determine o(17).
9
Let f(y) = -24055*y + 96287. Give f(4).
67
Let w(k) = -k**3 - 74*k**2 + 3527*k - 75. Give w(33).
-207
Let t(j) = 2*j**3 + 485*j**2 - 740*j - 2064. What is t(-244)?
-112
Let z(x) = -4*x**3 - 19*x**2 - 214*x - 804. Give z(-4).
4
Let x(m) = m**3 - 123*m**2 + 492*m - 415. Determine x(119).
1489
Let a(q) = 1311*q**2 - 24927*q - 147. Give a(19).
-489
Let g(d) = 1178816*d + 7072919. Calculate g(-6).
23
Let q(p) = 1366*p + 69657. What is q(-51)?
-9
Let o(v) = -v**3 - 12*v**2 - 1024*v - 7036. What is o(-7)?
-113
Let k(g) = 7*g**2 + 439*g + 1593. Calculate k(-59).
59
Let z(n) = -2*n**2 + 1451*n + 226394. Calculate z(-132).
14
Let m(h) = -2*h**3 + 290*h**2 - 292*h - 204. Determine m(144).
-780
Let f(r) = 3*r**3 + 1051*r**2 - 11549*r + 1086. Calculate f(-361).
3
Let w(n) = n**3 - 56*n**2 - 2360*n + 667. What is w(84)?
-5
Let i(v) = -5334*v - 3525781. Give i(-661).
-7
Let k(n) = -6*n**2 - 623*n + 17751. Give k(-127).
98
Let v(u) = -9*u**3 - 667*u**2 - 16*u + 4312. Calculate v(-74).
20
Let m(o) = -301*o**2 + 4246*o - 446. What is m(14)?
2
Let q(b) = -b**2 + 92*b - 1459. What is q(69)?
128
Let r(j) = -j**3 + 18*j**2 - 61*j + 763. Give r(16).
299
Let g(b) = -8*b**2 + 30*b + 12859. Wha